-71 = -z*u - j - 16, -4*u + 58 = 2*j. Calculate the highest common factor of u and 52.
13
Suppose 2082*t = 2078*t + 88. Calculate the highest common divisor of 1562 and t.
22
Suppose -3*a = 3*y + 3, 3*a - 27 = 4*y - y. Let f(l) = l**2 - 4*l + 8. Let v be f(a). What is the greatest common divisor of 64 and v?
8
Let d(j) = 2*j**3 + 3*j**2 + 3. Let f be d(-3). Suppose -2*w - 53 = b, -2*w = -3*b + 16 + 33. Let k = f - w. What is the greatest common divisor of k and 6?
2
Let a(t) = t**3 - 9*t**2 + 7*t + 10. Let y = 14 - 6. Let d be a(y). Suppose -d*o = -o - 36. Calculate the highest common divisor of o and 9.
9
Let d(g) = -g**2 - 3*g + 1. Let j be d(-2). Suppose -j*n - n + 52 = 0. Calculate the greatest common factor of 65 and n.
13
Let m be 1*-47*(-3 - -2). Let c = 51 - m. Suppose 19 = b + 3*g, -3*g - 1 = -4. Calculate the greatest common divisor of b and c.
4
Let i = -3194 + 5543. Calculate the greatest common divisor of i and 81.
81
Let w(c) = -c**3 + c - 73. Let y be w(0). Let p = -23 - y. Let u = p + -23. Calculate the greatest common factor of u and 27.
27
Suppose -19*q + 16*q - 48 = 0. Let a = -2 - q. Let m be ((-2)/(-3))/((-2)/(-21)). What is the highest common factor of a and m?
7
Let z = -17 - -21. Suppose d - 4 - 6 = -4*p, 0 = z*d - 4*p - 40. Suppose 0*n = 2*n - d. Calculate the greatest common factor of n and 2.
1
Let b(t) = t**3 - 23*t**2 + 25*t - 21. Let f be b(22). Let o be (-10)/f + (-2)/((-54)/573). What is the highest common divisor of o and 84?
21
Let s(n) = -34*n - 1. Let f be s(-1). Let k be (16/(-10))/(23/230). Let r = f - k. Calculate the highest common divisor of 7 and r.
7
Let s(w) = -2*w**2 - 43*w - 204. Let p be s(-12). Calculate the highest common divisor of p and 15.
3
Suppose 10 = y - 15. Suppose 3*j = -167 - 220. Let b be 9/(-12) - j/12. Calculate the greatest common divisor of b and y.
5
Suppose 8083 + 4797 = 20*m. Calculate the greatest common factor of m and 138.
46
Suppose 4 = -5*y + z - 1, -5*y = -3*z + 15. Suppose y = -35*u + 39*u - 96. Let i be (-1)/3 - (-146)/6. What is the greatest common divisor of i and u?
24
Suppose -9*s + 28 + 17 = 0. Let t = s + 9. What is the highest common factor of t and 56?
14
Let t(s) = 24*s**3 + s**2 + 2*s + 1. Let k be (-3*2/(-6))/(-1). Let y be t(k). Let z be ((-180)/y)/(1/6). Calculate the highest common divisor of z and 5.
5
Suppose -j + 66 = -0*j - n, -4*j = 2*n - 252. Suppose j = 2*m - m. Calculate the highest common factor of 8 and m.
8
Suppose 0 = -5*g + 3*u + 123, 2*u + 4 = -2*u. Let m = 9 - 5. Suppose 2*b = -z + 383, -b + m*z + 23 = -173. What is the greatest common divisor of b and g?
24
Let l be 41*-3*2*-1. Let x = l - 15. Let c be (-4)/36 + (-516)/(-27) + 2. Calculate the highest common divisor of x and c.
21
Suppose 25 = 5*s, -15*v + 14*v + 5*s + 4 = 0. Calculate the highest common factor of 464 and v.
29
Let h = 8 - -10. Let i be (24/h)/(50/(-54) - -1). What is the highest common factor of 18 and i?
18
Suppose -10*f = -5486 - 3024. Calculate the greatest common divisor of 46 and f.
23
Let i = -4 + 6. Let d be -1*(195/(-3) + i). Let k(o) = -o**2 + 23. Let z be k(-4). What is the highest common divisor of z and d?
7
Let f = -15 - -18. Suppose -f*r = 3*k - 174, 3*k - r = r + 154. Let m = -25 - -52. What is the highest common factor of m and k?
27
Let m(d) = d**3 + d**2 - 12*d - 12. Let b be m(-3). Calculate the greatest common divisor of b and 582.
6
Let m(o) = 4*o + 1. Let k be m(2). Let v = 637 - 565. What is the greatest common divisor of k and v?
9
Let a be 66/(-60)*(-15)/(-6)*-16. Let i be (-9)/27 + a/6. What is the greatest common factor of i and 21?
7
Let d be (-11 - -24) + -13 + 5 + -2. Calculate the greatest common factor of d and 141.
3
Suppose -5*l = 2*o - 2180, 3*o + 5*l = -1325 + 4605. Calculate the highest common factor of o and 44.
44
Let f be ((-6)/(-9))/(6/333). Suppose 4*o = 3*p + f, 2*o + 0 = p + 15. Let j be p*((-10)/7 - 0). What is the greatest common divisor of j and 5?
5
Suppose z - 14 = 4*b, -5*b = -2*b - 4*z + 4. Let s be b - -3 - (-9)/1. Calculate the greatest common factor of s and 8.
8
Suppose -225 - 182 = -11*h. Let y = 7 + h. Calculate the highest common factor of 4 and y.
4
Suppose -3*x + 42 = -0*x. Suppose 70*q - 106*q = -756. Calculate the greatest common factor of x and q.
7
Let d(t) = 10 - 13*t - 2*t + 27*t. Let u be d(6). Let r = u + -46. What is the highest common factor of r and 9?
9
Let n be ((-1)/(-3))/(2/12). Suppose 4*a - n*d - 241 = 91, 0 = -3*a + d + 250. Let w = 6 - -6. What is the highest common divisor of a and w?
12
Suppose 0*g + 4*p + 5 = -3*g, 3*g - 13 = 5*p. Calculate the greatest common divisor of 13 and g.
1
Let a be 2/(-4) - (-1 - 66/12). Let x(k) = -k**2 + 12*k - 21. Let c be x(a). Calculate the highest common divisor of c and 3.
3
Let b = 4 - 2. Suppose -t + 130 = 3*o, 5*o = -3*t - b*t + 230. Calculate the greatest common factor of o and 105.
21
Suppose -1547 = -7*w + 5761. Calculate the greatest common factor of w and 36.
36
Let k = -2 + 5. Suppose -k = -0*i + i. Let a be -1 - i - (2 - 26). What is the highest common divisor of a and 65?
13
Let v(l) be the third derivative of 7*l**4/6 - 3*l**3/2 - 14*l**2. Let w be v(1). Suppose 4*n + 155 - 687 = 0. Calculate the highest common divisor of w and n.
19
Suppose -33 - 47 = -4*g. Suppose 0 = -g*w + 15*w + 800. Calculate the greatest common factor of 20 and w.
20
Suppose 2*j = 4, 2*j - 71 = -5*o + 4*j. Let i(n) = 14*n + 7. Let x be i(7). What is the highest common factor of x and o?
15
Let k be (-4*5)/(41/(-164)). What is the highest common factor of 230 and k?
10
Suppose -3*v - 5 = -62. Let k = 1026 + -931. What is the highest common factor of v and k?
19
Suppose -2*m - 15 = -115. Let l be (6/4)/(15/m). Suppose 2*d - 11 = l. What is the highest common factor of d and 8?
8
Suppose 5*h + 13 + 1 = 2*b, 4*h - 68 = -5*b. Suppose -5*l + 51 = 12*l. What is the greatest common divisor of b and l?
3
Suppose 347 + 115 = 6*w. What is the highest common divisor of w and 35?
7
Let d(u) = 48*u + 70. Let w be d(-1). Calculate the highest common factor of w and 517.
11
Suppose 27 + 3 = -5*i - 5*q, 3*i = 2*q - 33. Let s = 21 + i. Let g be 459/15 - (-33)/(-55). Calculate the greatest common divisor of s and g.
6
Let m(l) = l**2 - 4*l - 6. Let k be m(7). Suppose 6*r - r = 825. What is the greatest common factor of r and k?
15
Let l(t) = t**3 - 12*t**2 + 12*t + 2. Let h be 8/(-12) + (-128)/(-12). Let s be l(h). Let k = -45 - s. Calculate the highest common divisor of 3 and k.
3
Suppose -3*v + 3*m + 2*m = -6, 4*m - 47 = -5*v. Let j be (-1 - -1) + v + 44. Suppose 0 = -7*z + 4*z + j. What is the greatest common divisor of 153 and z?
17
Let r(n) = -44*n + 212. Let t be r(0). What is the highest common factor of t and 8?
4
Let b = 228 - 200. What is the highest common divisor of 14 and b?
14
Let h(m) = -m**3 + 8*m**2 + m. Let v be h(8). Let f = v + -3. Suppose -f*o + 8 + 82 = 0. Calculate the greatest common divisor of 6 and o.
6
Let q(s) be the second derivative of -s**5/4 - s**4/4 - 2*s**3/3 + s**2 + 7*s. Let w be q(-2). What is the greatest common factor of w and 19?
19
Let g = -532 + 560. Calculate the highest common factor of 116 and g.
4
Let d(y) = 51*y + 363. Let b be d(-7). Let r(g) = -34*g - 2. Let l be r(-2). What is the highest common factor of b and l?
6
Let f be 6 + -5*(-96)/20. Calculate the greatest common factor of f and 20.
10
Let d be 15 - (6 + 2/(-1)). Let k = d - 1. What is the greatest common divisor of 4 and k?
2
Let i(o) = -8*o - 15. Let k be i(-9). Suppose -61*q = -k*q - 160. Calculate the greatest common factor of q and 320.
40
Suppose -5*i - 20 = -10*i, 5*w - 9 = -i. Suppose -5*u + f = -12, u - 3*f + 5 = -w. Calculate the greatest common divisor of 3 and u.
3
Let o(c) = 4*c**2 - 7*c + 4. Let x be o(4). Suppose -12*a + 1033 + 167 = 0. What is the greatest common divisor of a and x?
20
Let n be -7*140/98*(0 - 1). Calculate the highest common divisor of n and 185.
5
Suppose -b - b + 18 = 0. Let r be 2 + (-3 - 2) + (2 - -1). Suppose -3*f + 59 - 5 = r. Calculate the greatest common factor of f and b.
9
Let n(k) = k**2. Let c(x) = -62*x**2 - x. Let s(j) = -c(j) - 3*n(j). Let u be s(1). Suppose 0*v + 20 = v. Calculate the highest common factor of v and u.
20
Let p(k) = 